{"id":55,"date":"2016-03-08T16:27:22","date_gmt":"2016-03-08T15:27:22","guid":{"rendered":"http:\/\/art-et-muses.com\/?page_id=55"},"modified":"2026-03-22T18:45:35","modified_gmt":"2026-03-22T17:45:35","slug":"qui-sommes-nous","status":"publish","type":"page","link":"https:\/\/art-et-muses.com\/?page_id=55","title":{"rendered":"L&rsquo;ENSEMBLE"},"content":{"rendered":"\n<div class=\"wp-block-group alignfull is-layout-constrained wp-block-group-is-layout-constrained\">\n<div class=\"wp-block-group alignwide is-layout-constrained wp-block-group-is-layout-constrained\">\n<p class=\"has-text-align-center\" style=\"font-size:23px;font-style:normal;font-weight:300\">Heureuses de partager leur passion pour la musique de chambre, les musiciennes de l&rsquo;ensemble Art et Muses proposent diverses formules de concerts, afin de favoriser les \u00e9changes avec le public. <\/p>\n\n\n\n<p><\/p>\n<\/div>\n<\/div>\n\n\n\n<figure class=\"wp-block-image alignwide size-full\"><a href=\"https:\/\/art-et-muses.com\/wp-content\/uploads\/2023\/12\/IMG_1276-e1702301043461.jpeg\"><img  alt=\"\" class=\"wp-image-2800 lws-optimize-lazyload\"\/ data-src=\"https:\/\/art-et-muses.com\/wp-content\/uploads\/2023\/12\/IMG_1276-e1702301043461.jpeg\"><\/a><\/figure>\n\n\n\n<hr class=\"wp-block-separator alignwide has-alpha-channel-opacity is-style-wide\"\/>\n\n\n\n<div class=\"wp-block-group alignfull is-layout-constrained wp-block-group-is-layout-constrained\">\n<div class=\"wp-block-group alignfull is-layout-constrained wp-block-group-is-layout-constrained\">\n<div class=\"wp-block-media-text alignfull is-stacked-on-mobile is-vertically-aligned-top is-image-fill-element\" style=\"margin-top:0;margin-right:0;margin-bottom:0;margin-left:0;grid-template-columns:55% auto\"><figure class=\"wp-block-media-text__media\"><img  alt=\"\" class=\"wp-image-2983 size-full lws-optimize-lazyload\" style=\"object-position:69% 36%\"\/ data-src=\"https:\/\/art-et-muses.com\/wp-content\/uploads\/2023\/12\/DSC_6423.jpg\"><\/figure><div class=\"wp-block-media-text__content\">\n<p><strong>Aline Cheminade<\/strong> d\u00e9bute ses \u00e9tudes musicales \u00e0 La Rochelle. Elle obtient ensuite les 1er Prix de la Ville de Paris en Fl\u00fbte traversi\u00e8re (classe de M. Honorat), Musique de Chambre et Formation Musicale. Elle se perfectionne au CRR de Boulogne-Billancourt aupr\u00e8s de C. Nessi (prix de perfectionnement en fl\u00fbte traversi\u00e8re et Musique de chambre), et au CRD de CLAMART en piccolo dans la classe de P. Dumail (1er prix \u00e0 L\u2019unanimit\u00e9).<\/p>\n\n\n\n<p>Licenci\u00e9e en Musicologie \u00e0 l\u2019universit\u00e9 Paris Sorbonne, elle se passionne pour la p\u00e9dagogie et se dirige alors vers la formation du CEFEDEM Bourgogne. Titulaire du Dipl\u00f4me d\u2019Etat puis du Certificat d\u2019Aptitude de fl\u00fbte traversi\u00e8re, elle enseigne actuellement la fl\u00fbte, le piccolo et la Musique de Chambre au CRR de Cergy-Pontoise. Elle est \u00e9galement conseill\u00e8re p\u00e9dagogique aupr\u00e8s de jeunes enseignants.<\/p>\n\n\n\n<p>Musicienne \u00e9clectique, elle se produit r\u00e9guli\u00e8rement en France et \u00e0 l\u2019\u00e9tranger au sein de divers projets musicaux : orchestre, musique de chambre, cin\u00e9-concert, concert-lecture, croisi\u00e8res en musique\u2026 et depuis 2015 au sein de l\u2019Ensemble Art et Muses.<\/p>\n<\/div><\/div>\n<\/div>\n\n\n\n<hr class=\"wp-block-separator has-alpha-channel-opacity is-style-wide\"\/>\n\n\n\n<div class=\"wp-block-media-text alignfull is-stacked-on-mobile is-image-fill-element\" style=\"grid-template-columns:57% auto\"><figure class=\"wp-block-media-text__media\"><img  alt=\"\" class=\"wp-image-2852 size-full lws-optimize-lazyload\" style=\"object-position:50% 80%\"\/ data-src=\"https:\/\/art-et-muses.com\/wp-content\/uploads\/2023\/12\/IMG_1352.jpeg\"><\/figure><div class=\"wp-block-media-text__content\">\n<p><strong>No\u00e9mie Airiau-Gauguier<\/strong>&nbsp;est dipl\u00f4m\u00e9e du CNSMD de Paris en alto et du CNSMD de Lyon en p\u00e9dagogie. Passionn\u00e9e de musique de chambre, elle se produit au sein de nombreux ensembles, du trio \u00e0 l\u2019octuor. Elle est membre fondatrice de l\u2019Ensemble Art&amp;Muses (fl\u00fbte, alto et harpe), pour lequel elle a r\u00e9alis\u00e9 cinq arrangements publi\u00e9s chez Klarthe. Elle collabore \u00e9galement avec divers orchestres parisiens, participe \u00e0 des enregistrements de musiques de films et intervient r\u00e9guli\u00e8rement sur les albums du jazzman Jean-My Truong.<\/p>\n\n\n\n<p>\u2002\u2002\u2002\u2002Tr\u00e8s investie dans la transmission et la vie professionnelle de l\u2019alto, elle est Secr\u00e9taire G\u00e9n\u00e9rale de la branche fran\u00e7aise de l\u2019ESTA (European String Teachers Association) et participe chaque ann\u00e9e \u00e0 l\u2019organisation du Concours fran\u00e7ais des Jeunes Altistes. Elle s\u2019engage \u00e9galement dans la formation des futurs enseignants en assurant des stages de tutorat pour des \u00e9tudiants pr\u00e9parant le DE (CNSMDP, PSPBB). Titulaire du Dipl\u00f4me d\u2019\u00c9tat de violon et du Certificat d\u2019Aptitude d\u2019alto, elle enseigne ces deux disciplines au Conservatoire Maurice Ravel de Levallois-Perret.<\/p>\n<\/div><\/div>\n\n\n\n<hr class=\"wp-block-separator has-alpha-channel-opacity is-style-wide\"\/>\n\n\n\n<div class=\"wp-block-media-text alignfull is-stacked-on-mobile is-image-fill-element\" style=\"grid-template-columns:56% auto\"><figure class=\"wp-block-media-text__media\"><img width=\"1024\" height=\"683\"  alt=\"\" class=\"wp-image-2473 size-full lws-optimize-lazyload\" style=\"object-position:50% 50%\"\/ data-src=\"https:\/\/art-et-muses.com\/wp-content\/uploads\/2017\/09\/IMG_1553-1024x683.jpg\" srcset=\"https:\/\/art-et-muses.com\/wp-content\/uploads\/2017\/09\/IMG_1553-1024x683.jpg 1024w, https:\/\/art-et-muses.com\/wp-content\/uploads\/2017\/09\/IMG_1553-300x200.jpg 300w, https:\/\/art-et-muses.com\/wp-content\/uploads\/2017\/09\/IMG_1553-768x512.jpg 768w, https:\/\/art-et-muses.com\/wp-content\/uploads\/2017\/09\/IMG_1553-1080x720.jpg 1080w\" sizes=\"(max-width: 1024px) 100vw, 1024px\" \/><\/figure><div class=\"wp-block-media-text__content\">\n<p><strong>C\u00e9cile Mellardi <\/strong>d\u00e9bute ses \u00e9tudes musicales au CRR d\u2019Amiens o\u00f9 elle obtient les 1er Prix en harpe (classe de C. Le Du), Musique de Chambre, Histoire de la Musique et Formation Musicale. Elle se perfectionne ensuite aupr\u00e8s de Pierre Jamet puis entre au CNSM de Lyon dans la classe de F.<\/p>\n\n\n\n<p>Pierre o\u00f9 elle obtient le DNESM. En 1991, elle est s\u00e9lectionn\u00e9e pour jouer dans l\u2019Orchestre des Jeunes de la Communaut\u00e9 Europ\u00e9enne avec les chefs d\u2019orchestre J.Tate et J. Judd.<\/p>\n\n\n\n<p>D\u00e9sirant transmettre sa passion pour la musique, elle obtient le Dipl\u00f4me d\u2019Etat puis le Certificat d\u2019Aptitude de Harpe. Elle enrichit ensuite sa formation p\u00e9dagogique et artistique par un dipl\u00f4me de relaxologue. Elle enseigne actuellement la harpe et la relaxation \/ gestion du trac au CRD d\u2019Argenteuil.<\/p>\n<\/div><\/div>\n<\/div>\n\n\n\n<div class=\"wp-block-group is-content-justification-center is-layout-constrained wp-block-group-is-layout-constrained\"><\/div>\n","protected":false},"excerpt":{"rendered":"<p>Heureuses de partager leur passion pour la musique de chambre, les musiciennes de l&rsquo;ensemble Art et Muses proposent diverses formules de concerts, afin de favoriser les \u00e9changes avec le public. Aline Cheminade d\u00e9bute ses \u00e9tudes musicales \u00e0 La Rochelle. Elle obtient ensuite les 1er Prix de la Ville de Paris en Fl\u00fbte traversi\u00e8re (classe de [&hellip;]<\/p>\n","protected":false},"author":7,"featured_media":0,"parent":0,"menu_order":0,"comment_status":"closed","ping_status":"closed","template":"","meta":{"footnotes":""},"class_list":["post-55","page","type-page","status-publish","hentry"],"_links":{"self":[{"href":"https:\/\/art-et-muses.com\/index.php?rest_route=\/wp\/v2\/pages\/55","targetHints":{"allow":["GET"]}}],"collection":[{"href":"https:\/\/art-et-muses.com\/index.php?rest_route=\/wp\/v2\/pages"}],"about":[{"href":"https:\/\/art-et-muses.com\/index.php?rest_route=\/wp\/v2\/types\/page"}],"author":[{"embeddable":true,"href":"https:\/\/art-et-muses.com\/index.php?rest_route=\/wp\/v2\/users\/7"}],"replies":[{"embeddable":true,"href":"https:\/\/art-et-muses.com\/index.php?rest_route=%2Fwp%2Fv2%2Fcomments&post=55"}],"version-history":[{"count":2,"href":"https:\/\/art-et-muses.com\/index.php?rest_route=\/wp\/v2\/pages\/55\/revisions"}],"predecessor-version":[{"id":3148,"href":"https:\/\/art-et-muses.com\/index.php?rest_route=\/wp\/v2\/pages\/55\/revisions\/3148"}],"wp:attachment":[{"href":"https:\/\/art-et-muses.com\/index.php?rest_route=%2Fwp%2Fv2%2Fmedia&parent=55"}],"curies":[{"name":"wp","href":"https:\/\/api.w.org\/{rel}","templated":true}]}}